11744 and 2158?
26
What is the highest common factor of 1549054 and 130?
26
Calculate the greatest common divisor of 5 and 65.
5
What is the highest common factor of 53183 and 234?
13
What is the highest common factor of 4117 and 529?
23
Calculate the highest common factor of 6993 and 290376.
333
Calculate the greatest common factor of 1401831 and 123.
123
What is the greatest common factor of 5355 and 336?
21
What is the highest common divisor of 275 and 334697?
11
Calculate the greatest common divisor of 2695 and 440.
55
Calculate the greatest common divisor of 42468 and 84.
12
What is the greatest common divisor of 27092 and 208?
52
What is the greatest common factor of 1356 and 228?
12
Calculate the greatest common factor of 1328956 and 727.
727
Calculate the highest common factor of 4648 and 4424.
56
What is the greatest common factor of 32835 and 26895?
165
What is the greatest common factor of 1593 and 3729213?
1593
What is the highest common divisor of 8249 and 2599?
113
Calculate the highest common divisor of 1829 and 496.
31
Calculate the highest common factor of 7625 and 3275.
25
Calculate the greatest common divisor of 3728 and 307094.
466
Calculate the highest common divisor of 462 and 27951.
231
Calculate the highest common factor of 1048 and 102442.
262
Calculate the greatest common divisor of 630 and 2121490.
70
What is the greatest common factor of 916 and 26396?
4
Calculate the greatest common divisor of 772 and 6484.
4
What is the greatest common divisor of 8 and 5002024?
8
Calculate the highest common divisor of 4829 and 637867.
439
Calculate the greatest common divisor of 205 and 2606657.
41
Calculate the greatest common factor of 21 and 15771.
21
Calculate the greatest common divisor of 1116 and 74676.
12
What is the greatest common factor of 3 and 2231?
1
What is the highest common divisor of 555 and 27390?
15
Calculate the highest common factor of 331260 and 36.
12
Calculate the highest common divisor of 105867 and 162.
81
What is the greatest common divisor of 5593 and 287?
7
Calculate the greatest common divisor of 96 and 244672.
32
What is the highest common divisor of 700 and 1080?
20
What is the greatest common factor of 39556 and 7018?
638
What is the highest common divisor of 44 and 125444?
44
What is the greatest common divisor of 102 and 41088?
6
Calculate the highest common divisor of 3164700 and 20.
20
What is the highest common divisor of 33017 and 137?
137
What is the greatest common divisor of 158517 and 7313?
103
What is the highest common factor of 5 and 163643?
1
Calculate the greatest common factor of 162854 and 1498.
214
What is the greatest common divisor of 4263770 and 28?
14
Calculate the highest common divisor of 1040484 and 434.
62
What is the highest common divisor of 120 and 975060?
60
Calculate the highest common factor of 368 and 37904.
368
Calculate the highest common divisor of 8 and 646568.
8
Calculate the highest common divisor of 18291 and 4641.
273
What is the greatest common factor of 1260 and 186060?
420
Calculate the highest common divisor of 10 and 45266.
2
What is the highest common factor of 12563 and 284515?
739
What is the highest common divisor of 432 and 46008?
216
Calculate the greatest common divisor of 666 and 2178.
18
What is the highest common factor of 91026 and 778?
778
Calculate the greatest common divisor of 12665 and 765.
85
What is the highest common divisor of 13316 and 28?
4
What is the greatest common factor of 371886 and 24?
6
Calculate the highest common factor of 190 and 257545.
95
Calculate the highest common divisor of 11 and 12881.
11
What is the highest common divisor of 1664 and 771056?
208
What is the greatest common factor of 46 and 589122?
46
What is the greatest common factor of 7280 and 12285?
455
What is the greatest common divisor of 272 and 88434?
34
Calculate the highest common factor of 206 and 350509.
103
Calculate the greatest common factor of 1196 and 124982.
598
What is the greatest common factor of 2039100 and 75?
75
What is the greatest common factor of 4402 and 2698?
142
Calculate the highest common divisor of 8 and 17896.
8
Calculate the greatest common factor of 110238 and 1330.
38
Calculate the greatest common factor of 429 and 83655.
429
Calculate the greatest common divisor of 486755 and 67.
67
Calculate the greatest common factor of 36 and 4908.
12
Calculate the highest common factor of 385 and 875.
35
What is the greatest common divisor of 15760 and 960?
80
Calculate the greatest common factor of 132 and 25168.
44
What is the greatest common factor of 60 and 351510?
30
Calculate the greatest common factor of 41921 and 11359.
37
What is the greatest common divisor of 9260 and 28?
4
What is the highest common divisor of 1221148 and 1338?
446
Calculate the greatest common divisor of 439073 and 86.
43
What is the greatest common divisor of 8007 and 153?
51
What is the greatest common factor of 7667 and 287?
41
What is the highest common factor of 129653 and 2045?
409
Calculate the highest common divisor of 3298 and 71101.
97
Calculate the greatest common factor of 18094 and 16.
2
Calculate the greatest common factor of 206 and 11.
1
Calculate the greatest common factor of 17777 and 203.
29
What is the greatest common divisor of 9229 and 2261944?
839
What is the highest common divisor of 17475 and 600?
75
What is the highest common factor of 68965 and 65?
65
Calculate the greatest common divisor of 128 and 31904.
32
What is the highest common factor of 6993 and 98938?
259
Calculate the greatest common factor of 256 and 120272.
16
What is the highest common factor of 7387 and 445?
89
What is the greatest common divisor of 664 and 58100?
332
Calculate the highest common divisor of 174 and 22736.
58
Calculate the highest common divisor of 2794 and 32766.
254
Calculate the greatest common factor of 352 and 1371788.
44
Calculate the highest common divisor of 41258 and 842.
842
Calculate the highest common factor of 45 and 348093.
9
Calculate the greatest common factor of 4 and 1878780.
4
What is the highest common divisor of 8655 and 881079?
1731
Calculate the highest common factor of 2231 and 2001.
23
Calculate the highest common divisor of 343299 and 4944.
309
What is the highest common factor of 465 and 6190545?
465
Calculate the greatest common divisor of 312 and 26325.
39
Calculate the highest common divisor of 123 and 596017.
41
Calculate the highest common divisor of 3794392 and 14.
14
What is the highest common divisor of 1206 and 8548128?
1206
What is the greatest common divisor of 33631 and 6766?
199
What is the greatest common factor of 554 and 319658?
554
What is the greatest common factor of 218986 and 1338?
446
What is the greatest common divisor of 876 and 48?
12
What is the greatest common factor of 88688 and 3133?
241
Calculate the highest common divisor of 26 and 30888.
26
Calculate the highest common divisor of 4595 and 35.
5
Calculate the highest common divisor of 1311439 and 1403.
61
Calculate the highest common divisor of 2555 and 6370.
35
Calculate the greatest common divisor of 43681 and 484.
121
What is the highest common factor of 770 and 405482?
154
What is the greatest common factor of 4198813 and 61?
61
What is the highest common factor of 1429236 and 10440?
1044
What is the highest common divisor of 1105 and 424983?
221
Calculate the highest common divisor of 107627 and 1989.
221
What is the greatest common divisor of 193630 and 10251?
1139
What is the highest common divisor of 47928 and 24?
24
What is the greatest common divisor of 32320 and 43935?
505
What is the greatest common factor of 3256 and 36223?
407
Calculate the greatest common divisor of 4277 and 1175.
47
What is the highest common divisor of 1050 and 126?
42
What is the highest common factor of 320 and 34140?
20
Calculate the highest common divisor of 14763 and 1197.
399
What is the highest common divisor of 303 and 1302?
3
Calculate the greatest common divisor of 62245 and 2065.
295
Calculate the highest common divisor of 84 and 130844.
28
Calculate the greatest common divisor of 291149 and 811.
811
Calculate the greatest common divisor of 234752 and 393.
131
Calculate the greatest common factor of 57824 and 24.
8
What is the highest common f